{"id":25458,"date":"2025-11-29T19:00:57","date_gmt":"2025-11-29T18:00:57","guid":{"rendered":"https:\/\/fondazionebarbavarley.org\/evento\/ecologia-del-teatro-la-pedagogia-come-ambiente-di-interscambio\/"},"modified":"2025-11-29T19:14:27","modified_gmt":"2025-11-29T18:14:27","slug":"ecologia-del-teatro-la-pedagogia-come-ambiente-di-interscambio","status":"publish","type":"tribe_events","link":"https:\/\/fondazionebarbavarley.org\/es\/evento\/ecologia-del-teatro-la-pedagogia-come-ambiente-di-interscambio\/","title":{"rendered":"Ecolog\u00eda del teatro: la pedagog\u00eda como espacio de intercambio"},"content":{"rendered":"<p>Ecolog\u00eda del teatro: la pedagog\u00eda como espacio de intercambio<br \/>\nDi\u00e1logo de Julia Varley con Eugenia Cano (M\u00e9xico) y Teresa Ralli (Per\u00fa)<\/p>\n<p>Webinar en espa\u00f1ol con traducci\u00f3n simult\u00e1nea al ingl\u00e9s y al italiano<\/p>\n<p>La participaci\u00f3n es gratuita; se requiere inscripci\u00f3n en el siguiente enlace: <a href=\"https:\/\/bit.ly\/4rt4EYc\" target=\"_blank\">https:\/\/bit.ly\/4rt4EYc<\/a><\/p>\n<p>Eugenia Cano y Teresa Ralli son actrices, directoras, activistas y docentes que pertenecen al ambiente de teatro de grupo, con una larga tradici\u00f3n de aprendizaje autodidacta. Teresa Ralli, fundadora del Grupo Cultural Yuyachkani, es un reconocido punto de referencia para una perspectiva latinoamericana sobre la t\u00e9cnica teatral.  <\/p>\n<p>Eugenia Cano, fundadora del Teatro Kalipatos, pas\u00f3 muchos a\u00f1os en Kerala, India, aprendiendo Kathakali, una forma de danza-teatro, que ahora comparte a trav\u00e9s de presentaciones y clases en M\u00e9xico. Ambas han organizado festivales y encuentros en colaboraci\u00f3n con la red del Proyecto Magdalena.  <\/p>\n<p>Ambas imparten clases en universidades, creando un entorno de intercambio y crecimiento, no necesariamente acad\u00e9mico. <\/p>\n<p>El tema elegido para esta \u00faltima conversaci\u00f3n en l\u00ednea de 2025 nos permitir\u00e1 dialogar sobre la formaci\u00f3n y el aprendizaje, y c\u00f3mo la transmisi\u00f3n de la experiencia en el teatro es una responsabilidad que asumimos para sembrar la transformaci\u00f3n. <\/p>\n<p><strong>Eugenia Cano<\/strong> es artista de teatro, feminista y madre. Estudi\u00f3 actuaci\u00f3n en la Escuela Nacional de Artes Teatrales y, tras graduarse, se mud\u00f3 a Canad\u00e1 para estudiar mimo. Posteriormente, viaj\u00f3 a Kerala, India, para estudiar Kathakali. En 2001, regres\u00f3 a M\u00e9xico y fund\u00f3 el grupo Teatro Kalipatos, que re\u00fane a artistas de diversas disciplinas y con el que contin\u00faa colaborando. Imparte clases en la Universidad de Guanajuato, en el centro de M\u00e9xico, y en la Universidad Iberoamericana de la Ciudad de M\u00e9xico. Defensora de causas perdidas, se aferra firmemente a los ideales ut\u00f3picos que la impulsaron a dedicarse al teatro.     <\/p>\n<p><strong>Teresa Ralli<\/strong> es fundadora y miembro del Grupo Cultural Yuyachkani desde 1971. Asisti\u00f3 a la Escuela Internacional de Antropolog\u00eda Teatral (ISTA), donde se form\u00f3 con Jerzy Grotowski, I Made Pasek Tempo de Bali, Katsuko Azuma de Buyo Kabuki en Jap\u00f3n y Sanjukta Panigrahi de India, quienes siguen influyendo en ella. Forma parte del Proyecto Magdalena, una red de mujeres en el teatro contempor\u00e1neo. Est\u00e1 finalizando una maestr\u00eda en Estudios Culturales en la Pontificia Universidad Cat\u00f3lica del Per\u00fa y una maestr\u00eda en Estudios Avanzados de Teatro en la UNIR de La Rioja, Espa\u00f1a. Ha recibido la Medalla de Personalidad Meritoria de la Cultura del Ministerio de Cultura del Per\u00fa.    <\/p>\n","protected":false},"excerpt":{"rendered":"<p>Ecolog\u00eda del teatro: la pedagog\u00eda como espacio de intercambio Di\u00e1logo de Julia Varley con Eugenia Cano (M\u00e9xico) y Teresa Ralli (Per\u00fa) Webinar en espa\u00f1ol con traducci\u00f3n simult\u00e1nea al ingl\u00e9s y [&hellip;]<\/p>\n","protected":false},"author":5,"featured_media":25459,"template":"","meta":{"_acf_changed":false,"_tribe_events_status":"","_tribe_events_status_reason":"","footnotes":""},"tags":[],"tribe_events_cat":[373],"class_list":["post-25458","tribe_events","type-tribe_events","status-publish","has-post-thumbnail","hentry","tribe_events_cat-teatro-es","cat_teatro-es","entry"],"acf":[],"yoast_head":"<!-- This site is optimized with the Yoast SEO plugin v27.4 - https:\/\/yoast.com\/product\/yoast-seo-wordpress\/ -->\n<title>Ecolog\u00eda del teatro: la pedagog\u00eda como espacio de intercambio | Fondazione Barba Varley - ETS<\/title>\n<meta name=\"robots\" content=\"index, follow, max-snippet:-1, max-image-preview:large, max-video-preview:-1\" \/>\n<link rel=\"canonical\" href=\"https:\/\/fondazionebarbavarley.org\/es\/evento\/ecologia-del-teatro-la-pedagogia-come-ambiente-di-interscambio\/\" \/>\n<meta property=\"og:locale\" content=\"es_ES\" \/>\n<meta property=\"og:type\" content=\"article\" \/>\n<meta property=\"og:title\" content=\"Ecolog\u00eda del teatro: la pedagog\u00eda como espacio de intercambio | Fondazione Barba Varley - ETS\" \/>\n<meta property=\"og:description\" content=\"Ecolog\u00eda del teatro: la pedagog\u00eda como espacio de intercambio Di\u00e1logo de Julia Varley con Eugenia Cano (M\u00e9xico) y Teresa Ralli (Per\u00fa) Webinar en espa\u00f1ol con traducci\u00f3n simult\u00e1nea al ingl\u00e9s y [&hellip;]\" \/>\n<meta property=\"og:url\" content=\"https:\/\/fondazionebarbavarley.org\/es\/evento\/ecologia-del-teatro-la-pedagogia-come-ambiente-di-interscambio\/\" \/>\n<meta property=\"og:site_name\" content=\"Fondazione Barba Varley - ETS\" \/>\n<meta property=\"article:publisher\" content=\"https:\/\/www.facebook.com\/FondazioneBarbaVarley\" \/>\n<meta property=\"article:modified_time\" content=\"2025-11-29T18:14:27+00:00\" \/>\n<meta property=\"og:image\" content=\"https:\/\/fondazionebarbavarley.org\/wp-content\/uploads\/2025\/11\/immagine-evento.jpg\" \/>\n\t<meta property=\"og:image:width\" content=\"1200\" \/>\n\t<meta property=\"og:image:height\" content=\"500\" \/>\n\t<meta property=\"og:image:type\" content=\"image\/jpeg\" \/>\n<meta name=\"twitter:card\" content=\"summary_large_image\" \/>\n<!-- \/ Yoast SEO plugin. -->","yoast_head_json":{"title":"Ecolog\u00eda del teatro: la pedagog\u00eda como espacio de intercambio | Fondazione Barba Varley - ETS","robots":{"index":"index","follow":"follow","max-snippet":"max-snippet:-1","max-image-preview":"max-image-preview:large","max-video-preview":"max-video-preview:-1"},"canonical":"https:\/\/fondazionebarbavarley.org\/es\/evento\/ecologia-del-teatro-la-pedagogia-come-ambiente-di-interscambio\/","og_locale":"es_ES","og_type":"article","og_title":"Ecolog\u00eda del teatro: la pedagog\u00eda como espacio de intercambio | Fondazione Barba Varley - ETS","og_description":"Ecolog\u00eda del teatro: la pedagog\u00eda como espacio de intercambio Di\u00e1logo de Julia Varley con Eugenia Cano (M\u00e9xico) y Teresa Ralli (Per\u00fa) Webinar en espa\u00f1ol con traducci\u00f3n simult\u00e1nea al ingl\u00e9s y [&hellip;]","og_url":"https:\/\/fondazionebarbavarley.org\/es\/evento\/ecologia-del-teatro-la-pedagogia-come-ambiente-di-interscambio\/","og_site_name":"Fondazione Barba Varley - ETS","article_publisher":"https:\/\/www.facebook.com\/FondazioneBarbaVarley","article_modified_time":"2025-11-29T18:14:27+00:00","og_image":[{"width":1200,"height":500,"url":"https:\/\/fondazionebarbavarley.org\/wp-content\/uploads\/2025\/11\/immagine-evento.jpg","type":"image\/jpeg"}],"twitter_card":"summary_large_image","schema":{"@context":"https:\/\/schema.org","@graph":[{"@type":"WebPage","@id":"https:\/\/fondazionebarbavarley.org\/es\/evento\/ecologia-del-teatro-la-pedagogia-come-ambiente-di-interscambio\/","url":"https:\/\/fondazionebarbavarley.org\/es\/evento\/ecologia-del-teatro-la-pedagogia-come-ambiente-di-interscambio\/","name":"Ecolog\u00eda del teatro: la pedagog\u00eda como espacio de intercambio | Fondazione Barba Varley - ETS","isPartOf":{"@id":"https:\/\/fondazionebarbavarley.org\/es\/#website"},"primaryImageOfPage":{"@id":"https:\/\/fondazionebarbavarley.org\/es\/evento\/ecologia-del-teatro-la-pedagogia-come-ambiente-di-interscambio\/#primaryimage"},"image":{"@id":"https:\/\/fondazionebarbavarley.org\/es\/evento\/ecologia-del-teatro-la-pedagogia-come-ambiente-di-interscambio\/#primaryimage"},"thumbnailUrl":"https:\/\/fondazionebarbavarley.org\/wp-content\/uploads\/2025\/11\/immagine-evento.jpg","datePublished":"2025-11-29T18:00:57+00:00","dateModified":"2025-11-29T18:14:27+00:00","breadcrumb":{"@id":"https:\/\/fondazionebarbavarley.org\/es\/evento\/ecologia-del-teatro-la-pedagogia-come-ambiente-di-interscambio\/#breadcrumb"},"inLanguage":"es","potentialAction":[{"@type":"ReadAction","target":["https:\/\/fondazionebarbavarley.org\/es\/evento\/ecologia-del-teatro-la-pedagogia-come-ambiente-di-interscambio\/"]}]},{"@type":"ImageObject","inLanguage":"es","@id":"https:\/\/fondazionebarbavarley.org\/es\/evento\/ecologia-del-teatro-la-pedagogia-come-ambiente-di-interscambio\/#primaryimage","url":"https:\/\/fondazionebarbavarley.org\/wp-content\/uploads\/2025\/11\/immagine-evento.jpg","contentUrl":"https:\/\/fondazionebarbavarley.org\/wp-content\/uploads\/2025\/11\/immagine-evento.jpg","width":1200,"height":500},{"@type":"BreadcrumbList","@id":"https:\/\/fondazionebarbavarley.org\/es\/evento\/ecologia-del-teatro-la-pedagogia-come-ambiente-di-interscambio\/#breadcrumb","itemListElement":[{"@type":"ListItem","position":1,"name":"Home"},{"@type":"ListItem","position":2,"name":"Eventos","item":"https:\/\/fondazionebarbavarley.org\/es\/eventi\/"},{"@type":"ListItem","position":3,"name":"Ecolog\u00eda del teatro: la pedagog\u00eda como espacio de intercambio"}]},{"@type":"WebSite","@id":"https:\/\/fondazionebarbavarley.org\/es\/#website","url":"https:\/\/fondazionebarbavarley.org\/es\/","name":"Fondazione Barba Varley - ETS","description":"","publisher":{"@id":"https:\/\/fondazionebarbavarley.org\/es\/#organization"},"potentialAction":[{"@type":"SearchAction","target":{"@type":"EntryPoint","urlTemplate":"https:\/\/fondazionebarbavarley.org\/es\/?s={search_term_string}"},"query-input":{"@type":"PropertyValueSpecification","valueRequired":true,"valueName":"search_term_string"}}],"inLanguage":"es"},{"@type":"Organization","@id":"https:\/\/fondazionebarbavarley.org\/es\/#organization","name":"Fondazione Barba Varley - ETS","url":"https:\/\/fondazionebarbavarley.org\/es\/","logo":{"@type":"ImageObject","inLanguage":"es","@id":"https:\/\/fondazionebarbavarley.org\/es\/#\/schema\/logo\/image\/","url":"https:\/\/fondazionebarbavarley.org\/wp-content\/uploads\/2025\/06\/logo_bv-e1612267139930.png","contentUrl":"https:\/\/fondazionebarbavarley.org\/wp-content\/uploads\/2025\/06\/logo_bv-e1612267139930.png","width":300,"height":290,"caption":"Fondazione Barba Varley - ETS"},"image":{"@id":"https:\/\/fondazionebarbavarley.org\/es\/#\/schema\/logo\/image\/"},"sameAs":["https:\/\/www.facebook.com\/FondazioneBarbaVarley","https:\/\/www.youtube.com\/c\/FondazioneBarbaVarley"]}]}},"_links":{"self":[{"href":"https:\/\/fondazionebarbavarley.org\/es\/wp-json\/wp\/v2\/tribe_events\/25458","targetHints":{"allow":["GET"]}}],"collection":[{"href":"https:\/\/fondazionebarbavarley.org\/es\/wp-json\/wp\/v2\/tribe_events"}],"about":[{"href":"https:\/\/fondazionebarbavarley.org\/es\/wp-json\/wp\/v2\/types\/tribe_events"}],"author":[{"embeddable":true,"href":"https:\/\/fondazionebarbavarley.org\/es\/wp-json\/wp\/v2\/users\/5"}],"version-history":[{"count":1,"href":"https:\/\/fondazionebarbavarley.org\/es\/wp-json\/wp\/v2\/tribe_events\/25458\/revisions"}],"predecessor-version":[{"id":25460,"href":"https:\/\/fondazionebarbavarley.org\/es\/wp-json\/wp\/v2\/tribe_events\/25458\/revisions\/25460"}],"wp:featuredmedia":[{"embeddable":true,"href":"https:\/\/fondazionebarbavarley.org\/es\/wp-json\/wp\/v2\/media\/25459"}],"wp:attachment":[{"href":"https:\/\/fondazionebarbavarley.org\/es\/wp-json\/wp\/v2\/media?parent=25458"}],"wp:term":[{"taxonomy":"post_tag","embeddable":true,"href":"https:\/\/fondazionebarbavarley.org\/es\/wp-json\/wp\/v2\/tags?post=25458"},{"taxonomy":"tribe_events_cat","embeddable":true,"href":"https:\/\/fondazionebarbavarley.org\/es\/wp-json\/wp\/v2\/tribe_events_cat?post=25458"}],"curies":[{"name":"wp","href":"https:\/\/api.w.org\/{rel}","templated":true}]}}

Ecología del teatro: la pedagogía como espacio de intercambio

<p>Ecología del teatro: la pedagogía como espacio de intercambio<br />
Diálogo de Julia Varley con Eugenia Cano (México) y Teresa Ralli (Perú)</p>
<p>Webinar en español con traducción simultánea al inglés y al italiano</p>
<p>La participación es gratuita; se requiere inscripción en el siguiente enlace: <a href="https://bit.ly/4rt4EYc" target="_blank">https://bit.ly/4rt4EYc</a></p>
<p>Eugenia Cano y Teresa Ralli son actrices, directoras, activistas y docentes que pertenecen al ambiente de teatro de grupo, con una larga tradición de aprendizaje autodidacta. Teresa Ralli, fundadora del Grupo Cultural Yuyachkani, es un reconocido punto de referencia para una perspectiva latinoamericana sobre la técnica teatral.  </p>
<p>Eugenia Cano, fundadora del Teatro Kalipatos, pasó muchos años en Kerala, India, aprendiendo Kathakali, una forma de danza-teatro, que ahora comparte a través de presentaciones y clases en México. Ambas han organizado festivales y encuentros en colaboración con la red del Proyecto Magdalena.  </p>
<p>Ambas imparten clases en universidades, creando un entorno de intercambio y crecimiento, no necesariamente académico. </p>
<p>El tema elegido para esta última conversación en línea de 2025 nos permitirá dialogar sobre la formación y el aprendizaje, y cómo la transmisión de la experiencia en el teatro es una responsabilidad que asumimos para sembrar la transformación. </p>
<p><strong>Eugenia Cano</strong> es artista de teatro, feminista y madre. Estudió actuación en la Escuela Nacional de Artes Teatrales y, tras graduarse, se mudó a Canadá para estudiar mimo. Posteriormente, viajó a Kerala, India, para estudiar Kathakali. En 2001, regresó a México y fundó el grupo Teatro Kalipatos, que reúne a artistas de diversas disciplinas y con el que continúa colaborando. Imparte clases en la Universidad de Guanajuato, en el centro de México, y en la Universidad Iberoamericana de la Ciudad de México. Defensora de causas perdidas, se aferra firmemente a los ideales utópicos que la impulsaron a dedicarse al teatro.     </p>
<p><strong>Teresa Ralli</strong> es fundadora y miembro del Grupo Cultural Yuyachkani desde 1971. Asistió a la Escuela Internacional de Antropología Teatral (ISTA), donde se formó con Jerzy Grotowski, I Made Pasek Tempo de Bali, Katsuko Azuma de Buyo Kabuki en Japón y Sanjukta Panigrahi de India, quienes siguen influyendo en ella. Forma parte del Proyecto Magdalena, una red de mujeres en el teatro contemporáneo. Está finalizando una maestría en Estudios Culturales en la Pontificia Universidad Católica del Perú y una maestría en Estudios Avanzados de Teatro en la UNIR de La Rioja, España. Ha recibido la Medalla de Personalidad Meritoria de la Cultura del Ministerio de Cultura del Perú.    </p>

<p>Ecología del teatro: la pedagogía como espacio de intercambio Diálogo de Julia Varley con Eugenia Cano (México) y Teresa Ralli (Perú) Webinar en español con traducción simultánea al inglés y [&hellip;]</p>

<!-- This site is optimized with the Yoast SEO plugin v27.4 - https://yoast.com/product/yoast-seo-wordpress/ -->
<title>Ecología del teatro: la pedagogía como espacio de intercambio | Fondazione Barba Varley - ETS</title>
<meta name="robots" content="index, follow, max-snippet:-1, max-image-preview:large, max-video-preview:-1" />
<link rel="canonical" href="https://fondazionebarbavarley.org/es/evento/ecologia-del-teatro-la-pedagogia-come-ambiente-di-interscambio/" />
<meta property="og:locale" content="es_ES" />
<meta property="og:type" content="article" />
<meta property="og:title" content="Ecología del teatro: la pedagogía como espacio de intercambio | Fondazione Barba Varley - ETS" />
<meta property="og:description" content="Ecología del teatro: la pedagogía como espacio de intercambio Diálogo de Julia Varley con Eugenia Cano (México) y Teresa Ralli (Perú) Webinar en español con traducción simultánea al inglés y [&hellip;]" />
<meta property="og:url" content="https://fondazionebarbavarley.org/es/evento/ecologia-del-teatro-la-pedagogia-come-ambiente-di-interscambio/" />
<meta property="og:site_name" content="Fondazione Barba Varley - ETS" />
<meta property="article:publisher" content="https://www.facebook.com/FondazioneBarbaVarley" />
<meta property="article:modified_time" content="2025-11-29T18:14:27+00:00" />
<meta property="og:image" content="https://fondazionebarbavarley.org/wp-content/uploads/2025/11/immagine-evento.jpg" />
	<meta property="og:image:width" content="1200" />
	<meta property="og:image:height" content="500" />
	<meta property="og:image:type" content="image/jpeg" />
<meta name="twitter:card" content="summary_large_image" />
<!-- / Yoast SEO plugin. -->

Ecología del teatro: la pedagogía como espacio de intercambio | Fondazione Barba Varley - ETS

Ecología del teatro: la pedagogía como espacio de intercambio Diálogo de Julia Varley con Eugenia Cano (México) y Teresa Ralli (Perú) Webinar en español con traducción simultánea al inglés y [&hellip;]
